f o(k). Give q(4).
-2
Let q(h) be the third derivative of -h**5/60 - h**4/24 + h**3/6 + 9*h**2. Give q(2).
-5
Suppose 4*k = 3*b + 5, -6*b = -k - 2*b - 2. Suppose 8 = k*q + 2*q. Let s be (0/6)/(-1*q). Let a(v) = -v - 2. Give a(s).
-2
Let k(g) be the third derivative of g**4/24 - g**3 + 12*g**2. What is k(6)?
0
Suppose 13 = 3*h + 7. Let z = -5 + h. Let a(q) = 3*q. Calculate a(z).
-9
Let z(q) be the second derivative of q**4/12 - 7*q**3/6 + 3*q**2/2 + 12*q. Determine z(5).
-7
Let n(k) = 0*k - 2 + 24*k**2 + k - 11*k**2 - 14*k**2. Let w be 2/7 + (-6)/21. What is n(w)?
-2
Let b(x) = -x + 28. Let n be b(12). Let m = n - 13. Let l(g) = -g + 4. Calculate l(m).
1
Let j be 25/(-10)*(36/15)/(-2). Let h(z) = -3*z + 3. What is h(j)?
-6
Let f be (-2)/2 + (-5)/5. Let m be (-4)/10 + (-87)/(-5). Let k(b) = -14*b**2 - 17*b + 23. Let v(j) = 5*j**2 + 6*j - 8. Let l(s) = m*v(s) + 6*k(s). What is l(f)?
6
Let h = -5 - -8. Let a(t) = 0*t**2 - 4*t**3 + 3*t**3 - t**2 - 2. Let f(p) = 2*p**3 + 3*p**2 + 5. Let o(l) = -9*a(l) - 4*f(l). Determine o(h).
-2
Let l(t) = t + 7. Let o(n) = 2*n**2 + 3*n - 7. Let b(s) = 3*s**2 + 6*s - 13. Let i(c) = 3*b(c) - 5*o(c). Let q be i(3). Calculate l(q).
3
Let x(m) = m**2 + 6*m + 4. Let r(q) = -q**2 - q + 2. Let n = -2 + -1. Let j be r(n). What is x(j)?
-4
Let q = 5 + 4. Let o(w) = -6 - w**2 + 5*w - 5 + q. Give o(4).
2
Suppose 7*o = 11*o + 4. Let s be ((-8)/(-20))/(o/5). Let r(q) = -q + 2. Give r(s).
4
Let n(i) be the second derivative of i**4/12 - i**3 - 5*i**2 - 3*i. Calculate n(7).
-3
Let b(j) = -j**3 + 4*j**2 + 5*j + 7. Suppose -h + 47 = -4*l, 4*l + 3*h - 2*h = -49. Let k = 26 + l. Suppose k = 2*m - 4*z, -4*z + 0*z = -5*m + 29. What is b(m)?
7
Let l(r) = -r**3 - r**2. Let u = -1 - -3. Let p be (-4)/12*(-2 + u). Calculate l(p).
0
Let z(t) = t + 2. Let p be z(0). Let u be (-17)/(-3) + 4/(-6). Let x(i) = u - 2*i - 2 + 0*i. Give x(p).
-1
Let c(z) = -z**2 + 7*z + 4. Let g be c(7). Let a(u) = -4*u**3 + 1 - g*u**2 + 5*u**3 + 2*u - 5 - 1. Calculate a(4).
3
Let a(f) = -6*f**3 - 2*f**2 - 13. Let c(q) = 5*q**3 + 3*q**2 + 12. Let z(n) = 4*a(n) + 5*c(n). Give z(-7).
8
Let q(c) = 3*c - 1. Suppose -42 = -5*s + b, 2*b + 6 = 2*s - 2*b. Let d = -5 + s. Calculate q(d).
11
Let q(m) be the first derivative of -2/3*m**3 + 2 + 0*m + 0*m**2 + 1/360*m**6 + 1/6*m**4 - 1/30*m**5. Let g(b) be the third derivative of q(b). Give g(3).
1
Let b(j) be the third derivative of j**4/24 - j**3/3 + 3*j**2. Give b(3).
1
Let m(k) = 8*k - 2. Let p = 25 - 23. Give m(p).
14
Suppose -y - 4*y = 2*u + 4, -y = -u - 2. Let x(h) = 2*h + y*h - 4 - 3*h. Let m be x(-2). Let o(k) = 2*k + 2. Give o(m).
-2
Suppose 0 = 5*v - 3*c - 5, 4 = 5*v + 2*c - 1. Let i(h) = -5*h. What is i(v)?
-5
Let u(s) = s**2 + 3*s - 6. Suppose -z + 2 = -0. Let n(g) = -10*g + 3*g**2 + 5*g - 4*g**z - 1 - 4. Let l be n(-5). Calculate u(l).
4
Let s(g) = -5 + 7 + 3*g - 5*g + 2*g**2. Calculate s(2).
6
Suppose -4*c = -5*y + 100, -5*y = -3*y + 2*c - 58. Let z = y + -25. Let r(n) = -n - 2. Determine r(z).
-1
Let u(k) = 4*k - 1. Suppose 3*j - 2*j - 5*x - 12 = 0, -2*x + 6 = 5*j. Let v be -1*j*(-2)/4. Let i be 1 + v - (-7)/(-7). What is u(i)?
3
Let z(b) = 7*b**3 + 11*b**2 - 3*b + 3. Let h(v) be the second derivative of v**5/5 + v**4/2 - v**3/3 + v**2/2 - v. Let k(q) = -5*h(q) + 3*z(q). What is k(-3)?
1
Suppose 0*i + 2*i - 4*z = -4, -i = -3*z + 1. Let a(m) = -m**3 - 5*m**2 - 4*m + 4. Give a(i).
4
Let b(t) = t - 2. Let j = -10 - -16. Let v = -2 + j. Determine b(v).
2
Let j(r) = -2*r - 2*r - 2*r - r. What is j(1)?
-7
Let g(c) = c**3 - c**2 + c. Let l(i) = -5*i**3 + 7*i**2 - 8*i + 2. Let y(v) = 4*g(v) + l(v). What is y(2)?
-2
Let i(k) = k**3 + 3*k**2 + k - 2. Suppose -l - 10 = -5*f - 6*l, 4*l = 2*f + 2. Suppose j + 6 = -w, 5*j - f + 25 = -2*w. Determine i(w).
0
Suppose 2*v + u = -3*v + 26, -3*u - 42 = -5*v. Let r(j) = -j + 4. What is r(v)?
-2
Let j(s) = 5*s**3 + 5*s**2 + s + 9. Let x(d) = 9*d**3 + 10*d**2 + 3*d + 17. Let o(p) = 7*j(p) - 4*x(p). Let i = -3 + -1. Calculate o(i).
-1
Let b(p) be the first derivative of p**3/3 - 7*p**2/2 - 10*p - 8. Calculate b(8).
-2
Let j(w) = 3*w + 2*w**2 + 3 - 10 + w**3 - 4*w + 5. Let a(p) = -p**3 - 7*p**2 - 5*p + 3. Let n be a(-6). What is j(n)?
-8
Let i = 55 + -47. Let b(m) = -m**2 + 6*m + 9. Determine b(i).
-7
Suppose 3*s = -3*p + s + 14, 2*p + 5*s - 24 = 0. Let t(v) = -6*v + 2 - 1 - v**p + 0. What is t(-5)?
6
Let f(c) = c**2 - 5*c - 5. Suppose 18 = g + 2*g - 3*n, 3*n = -2*g + 2. Give f(g).
-9
Let h(v) = 3*v**2 - 2*v + 1. Let q be h(2). Let b = 10 - q. Let r(w) = 5*w**2 + 2 + 5*w**2 - b - 2*w + 3*w. Determine r(-1).
10
Let f(y) = -1 + 2 + 0*y + y - 2*y + y**2. Let m be 4/14 + 12/7. Let n(g) = g**3 + g**2 - 3*g + 1. Let x(i) = m*f(i) - n(i). Calculate x(0).
1
Let t(x) = x**3 - 4*x**2 + 3*x - 1. Let i be t(2). Let q(m) = -m - 4. What is q(i)?
-1
Let b(t) be the second derivative of -t**4/12 - 7*t**3/6 - 9*t**2/2 - 18*t. Calculate b(-6).
-3
Let a(f) be the third derivative of f**5/60 + f**4/12 + 2*f**2. Let v(h) = -h - 8. Let m be v(-6). Determine a(m).
0
Let a(v) = v**3 + 5*v**2 + 5*v - 3. Let l be (-3)/5 - 91/(-35). Suppose -l*s + q = 4, 3*s + 16 = 2*s - 3*q. Determine a(s).
-7
Let z(u) be the second derivative of -3*u + 1/20*u**5 + 0 + 1/3*u**4 + 1/2*u**2 - u**3. Suppose 0 = o + 2*v - 1, -5*o + 1 = -2*v + 32. What is z(o)?
6
Let a(p) be the second derivative of -p**6/120 - p**5/60 + p**3/6 - 3*p**2/2 + 4*p. Let g(u) be the first derivative of a(u). Determine g(2).
-11
Suppose 2*q - 7*q + 30 = 0. Let b = q + -7. Let x = b - 1. Let g(c) = -2*c**2 - c - 1. Calculate g(x).
-7
Let p(y) be the second derivative of -1/12*y**4 + 0 + 1/2*y**3 - 2*y - y**2. Give p(4).
-6
Let q(c) = 8 + 170*c - 169*c + 2. What is q(-7)?
3
Let s(p) = p**2 - 9*p - 10. Let l be s(10). Let w(g) = g**2 - 34*g + l + 36*g + 1. Determine w(-2).
1
Suppose 4*q + 14 = -5*x, -4*x - x - 5*q - 15 = 0. Let i(k) = -k**2 - 3*k - 1. Determine i(x).
1
Let m(z) = -z - 1. Let y be m(-6). Let n(a) = 6*a + 1 - y*a + 2. Determine n(5).
8
Let h(p) = -p - 2. Suppose 0 = 3*s + 4*j - 26, j = -s + 4 + 3. Determine h(s).
-4
Let z(o) = 2*o + 15*o**2 + 3*o - 14*o**2. Determine z(-4).
-4
Let k be 0/87 + 0 + 0 + 4. Let m(c) = 4*c - 5. What is m(k)?
11
Let k(l) = l**2 + 6*l - 8. Let n = 36 - 43. Give k(n).
-1
Let n(p) be the second derivative of -p**5/20 + 3*p**4/4 + 3*p**3/2 + 5*p**2 - 24*p. What is n(10)?
0
Let c(k) be the first derivative of k**3 + 4*k + 1/4*k**4 + 1/2*k**2 + 9. Calculate c(-4).
-16
Let c = -76 + 73. Let b(t) = 14*t**3 + 8*t**2 - 6*t + 9. Let a(p) = 5*p**3 + 3*p**2 - 2*p + 3. Let n(o) = 17*a(o) - 6*b(o). What is n(c)?
-9
Let x be -4*((-1 - -1) + 1). Let n(h) = -2 - 2*h - 1 - h. Give n(x).
9
Let l(p) = -p - 5. Suppose 0 = 4*h + 5*r - 18, r = 2*h - 2 - 14. Suppose 13 = o - 4*d, -3*d - h = 3*o - o. Let m be (o + -3 + 2)/(-1). What is l(m)?
-5
Let i(u) be the second derivative of -u**4/12 - u**3 - 65*u. Give i(-6).
0
Let u be (-1)/(-4) - 1/4. Suppose 0 = -u*g - 2*g. Let x(r) = 3*r + 2. Let n(q) = -2*q - 2. Let o(f) = -4*n(f) - 3*x(f). What is o(g)?
2
Suppose 9*b = -h + 10*b + 1, 3*h - 4*b = 2. Let d(z) = 2*z**3 + z**2 - 2*z + 2. Give d(h).
18
Let y(t) = -70*t - t**2 + 2 + 2 + 71*t. What is y(-4)?
-16
Let m(u) = -2 - 6*u**2 - 4 + 7*u + u**3 - 2*u. Give m(5).
-6
Let m = 15 - 15. Let s(x) = 4 + 8*x - 1 + 8*x**2 + 2 + x**3 + m*x. Calculate s(-7).
-2
Let y(p) = p**3 - p**2 - 2*p - 1. Let n be y(2). Let i = -2 + 9. Let j(x) = 0*x - 3*x + i*x - 1. Calculate j(n).
-5
Let r be 2/(-4) + ((-3)/2 - -4). Let o(h) be the third derivative of 0 + 1/24*h**4 + 0*h - r*h**3 + h**2. Determine o(5).
-7
Let n(u) be the second derivative of u**3/6 - 3*u**2 - u. Let g be n(8). Let i(w) = 3*w - w**2 - g*w + 2 + 0*w. Give i(2).
0
Let c(h) = 5*h - 4. Let w be c(1). Let t(b) = 3*b - 1. What is t(w)?
2
Let c(m) = -2*m - 3 + 3. Suppose 4*r + 3*n - 1 = -0*r, -5*r + 5*n = -45. Let k be (1/r)/((-1)/4). What is c(k)?
2
Suppose 0 = -4*i - 4*a - 4, -3*i = 2*i - 4*a - 31. Let s(r) = i - r**3 + 4*r**2 + r - 2 - 3*r. What is s(2)?
5
Let v(w) be the first derivative of 2*w**2 + 7*w + 12. What is v(-5)?
-13
Let f be -15 + 1/1 + 2. Let l be 4/6 - 52/f. Let r(n) = n**3 + 0*n + 2*n**2 - l*n + 2*n**2. Determine r(-5).
0
Let h(t) = t**2 + t + 2. Suppose 0 - 9 = 3*u. Calculate h(u).